6678.
4309
What is the remainder when 44914168 is divided by 3742846?
16
What is the remainder when 94464 is divided by 764?
492
Calculate the remainder when 408338 is divided by 37121.
7
Calculate the remainder when 305112 is divided by 3428.
20
What is the remainder when 592460 is divided by 4627?
204
Calculate the remainder when 15960393 is divided by 6.
3
Calculate the remainder when 247187263 is divided by 11.
4
Calculate the remainder when 290035904 is divided by 5273380.
4
What is the remainder when 667843 is divided by 95403?
22
Calculate the remainder when 31648772 is divided by 31648761.
11
Calculate the remainder when 144971 is divided by 28087.
4536
Calculate the remainder when 20516948 is divided by 1292.
1280
What is the remainder when 111851352 is divided by 168?
144
What is the remainder when 292153 is divided by 73028?
41
Calculate the remainder when 12037891 is divided by 11.
8
Calculate the remainder when 2769551 is divided by 8934.
11
What is the remainder when 8429516 is divided by 2107362?
68
Calculate the remainder when 19522539 is divided by 255.
249
Calculate the remainder when 33272034 is divided by 3978.
42
What is the remainder when 84927 is divided by 452?
403
Calculate the remainder when 367580 is divided by 2097.
605
What is the remainder when 1220638056 is divided by 10?
6
Calculate the remainder when 648761 is divided by 1655.
1
What is the remainder when 22705097 is divided by 962?
935
What is the remainder when 2745761 is divided by 602?
39
Calculate the remainder when 11911044 is divided by 214.
18
Calculate the remainder when 4242290 is divided by 471365.
5
What is the remainder when 11992384 is divided by 1965?
1954
What is the remainder when 905766 is divided by 29218?
8
Calculate the remainder when 249184979 is divided by 3630.
3629
Calculate the remainder when 1824001 is divided by 1823775.
226
Calculate the remainder when 27237711 is divided by 495231.
6
What is the remainder when 52277652 is divided by 223?
208
What is the remainder when 114992 is divided by 1921?
1653
What is the remainder when 647978 is divided by 2204?
2
What is the remainder when 310655106 is divided by 20710340?
6
What is the remainder when 646437 is divided by 2686?
1797
What is the remainder when 31349550 is divided by 10449844?
18
Calculate the remainder when 113696 is divided by 432.
80
Calculate the remainder when 1012299 is divided by 6489.
15
What is the remainder when 3036543 is divided by 24?
15
What is the remainder when 620153 is divided by 155034?
17
What is the remainder when 5736848 is divided by 45172?
4
What is the remainder when 31473 is divided by 1049?
3
Calculate the remainder when 87968 is divided by 1661.
1596
What is the remainder when 3494279 is divided by 550?
129
What is the remainder when 151520 is divided by 387?
203
Calculate the remainder when 35031 is divided by 221.
113
Calculate the remainder when 99674 is divided by 99536.
138
What is the remainder when 26521080 is divided by 8594?
8590
Calculate the remainder when 177148 is divided by 128.
124
Calculate the remainder when 8513473 is divided by 851345.
23
Calculate the remainder when 47689 is divided by 11920.
9
Calculate the remainder when 11652 is divided by 1057.
25
What is the remainder when 25436 is divided by 1013?
111
What is the remainder when 104593643 is divided by 3344?
11
What is the remainder when 668522 is divided by 47731?
288
Calculate the remainder when 452251 is divided by 12561.
55
Calculate the remainder when 1809178 is divided by 2645.
2643
What is the remainder when 15002060 is divided by 3388?
3384
What is the remainder when 1458915 is divided by 22795?
35
Calculate the remainder when 281520 is divided by 15638.
36
What is the remainder when 17523160 is divided by 2503298?
74
Calculate the remainder when 409660 is divided by 468.
160
What is the remainder when 193126608 is divided by 254?
248
What is the remainder when 913694 is divided by 41?
9
What is the remainder when 2537983 is divided by 1268865?
253
What is the remainder when 620511 is divided by 1068?
3
What is the remainder when 1125794 is divided by 22074?
20
What is the remainder when 806892 is divided by 268940?
72
Calculate the remainder when 57004395 is divided by 225.
195
What is the remainder when 2432483 is divided by 3490?
3443
Calculate the remainder when 3671246 is divided by 244743.
101
What is the remainder when 30270723 is divided by 38?
37
Calculate the remainder when 66594695 is divided by 1302.
1301
What is the remainder when 12995724 is divided by 22?
16
What is the remainder when 4128288 is divided by 7?
3
Calculate the remainder when 300505 is divided by 300503.
2
Calculate the remainder when 49377 is divided by 1381.
1042
What is the remainder when 44425419 is divided by 26?
25
Calculate the remainder when 808718 is divided by 808660.
58
Calculate the remainder when 19660841 is divided by 128.
41
What is the remainder when 578417 is divided by 191143?
4988
What is the remainder when 55468 is divided by 33?
28
What is the remainder when 927333 is divided by 3346?
491
Calculate the remainder when 1669358 is divided by 4783.
91
Calculate the remainder when 512429 is divided by 9658.
555
What is the remainder when 332406 is divided by 964?
790
What is the remainder when 1546095 is divided by 84?
75
Calculate the remainder when 1489782 is divided by 2483.
2465
What is the remainder when 27952671 is divided by 5590527?
36
Calculate the remainder when 3807 is divided by 3280.
527
Calculate the remainder when 59466406 is divided by 1517.
6
What is the remainder when 583353 is divided by 22435?
43
Calculate the remainder when 202854 is divided by 948.
930
What is the remainder when 18091 is divided by 6690?
4711
What is the remainder when 7380918 is divided by 5004?
18
Calculate the remainder when 147821 is divided by 472.
85
What is the remainder when 14651801 is divided by 2938?
2933
Calculate the remainder when 229025 is divided by 1364.
1237
Calculate the remainder when 131738 is divided by 362.
332
Calculate the remainder when 2230829 is divided by 14029.
218
What is the remainder when 63139248 is divided by 67?
56
Calculate the remainder when 14341413 is divided by 25.
13
What is the remainder when 44592 is divided by 21614?
1364
What is the remainder when 3331675 is divided by 2049?
1
Calculate the remainder when 788181 is divided by 362.
107
What is the remainder when 1674602 is divided by 63?
62
What is the remainder when 371594 is divided by 30356?
7322
Calculate the remainder when 234691 is divided by 129.
40
Calculate the remainder when 16767253 is divided by 119766.
13
What is the remainder when 339530 is divided by 655?
240
Calculate the remainder when 35495 is divided by 4714.
2497
What is the remainder when 43084047 is divided by 434?
433
What is the remainder when 3696150 is divided by 855?
840
What is the remainder when 308253 is divided by 19250?
253
Calculate the remainder when 1171770 is divided by 390568.
66
Calculate the remainder when 104065564 is divided by 34688516.
16
Calculate the remainder when 6134058 is divided by 3829.
0
Calculate the remainder when 488225825 is divided by 5841.
5840
What is the remainder when 1300784 is divided by 44?
12
Calculate the remainder when 9893854 is divided by 224.
222
What is the remainder when 1392065 is divided by 435?
65
What is the remainder when 64363451 is divided by 143?
9
What is the remainder when 1900900 is divided by 9849?
43
What is the remainder when 1037281 is divided by 103611?
1171
Calculate the remainder when 1506232 is divided by 753111.
10
Calculate the remainder when 61595524 is divided by 7699438.
20
What is the remainder when 39267 is divided by 16920?
5427
Calculate the remainder when 2580252 is divided by 245.
157
Calculate the remainder when 2506784 is divided by 15.
14
Calculate the remainder when 311345297 is divided by 1861.
1858
Calculate the remainder when 106118 is divided by 2032.
454
Calculate the remainder when 635055 is divided by 1126.
1117
Calculate the remainder when 207243 is divided by 9416.
91
Calculate the remainder when 84094348 is divided by 206.
204
Calculate the remainder when 1145563 is divided by 2264.
2243
Calculate the remainder when 7083